 of 20664 and 85217229?
369
Calculate the highest common factor of 1230408 and 87354.
414
Calculate the greatest common factor of 1025 and 229643665.
205
What is the highest common divisor of 88612 and 538?
2
What is the greatest common divisor of 200064 and 48974?
1042
What is the highest common divisor of 2212700064 and 4?
4
What is the greatest common divisor of 9005 and 12890?
5
What is the greatest common factor of 34124304 and 144?
48
What is the greatest common factor of 29520 and 5398880?
3280
What is the greatest common divisor of 20655 and 14004?
9
What is the highest common divisor of 804899 and 4178175?
1921
What is the highest common divisor of 63 and 10931550?
21
Calculate the greatest common factor of 31550 and 1906882.
1262
What is the greatest common factor of 561 and 50878740?
33
What is the highest common divisor of 349834612 and 76?
76
Calculate the greatest common factor of 1258782 and 1353.
123
What is the greatest common factor of 85 and 339846235?
85
Calculate the highest common divisor of 28152 and 1679276.
92
Calculate the highest common factor of 38260180 and 100.
20
Calculate the greatest common divisor of 1994943 and 12369.
1767
Calculate the greatest common divisor of 886740 and 2250.
30
Calculate the greatest common divisor of 74260 and 189316.
188
Calculate the greatest common divisor of 56965798 and 1180.
118
Calculate the highest common factor of 7524356 and 4326.
1442
Calculate the greatest common factor of 5773500 and 7650.
450
What is the highest common factor of 412172456 and 8?
8
Calculate the greatest common divisor of 39171650 and 1050.
350
Calculate the greatest common factor of 4671655 and 21995.
415
What is the greatest common divisor of 3416230 and 20?
10
Calculate the greatest common factor of 38991948 and 2652.
204
What is the highest common divisor of 41610 and 17316330?
2190
Calculate the greatest common factor of 1156 and 4128994.
34
Calculate the greatest common factor of 365765807 and 124.
31
What is the greatest common divisor of 437415 and 12533205?
3615
What is the greatest common divisor of 168 and 160083?
21
Calculate the greatest common factor of 10176 and 3169506.
318
What is the greatest common divisor of 41529 and 455803?
127
Calculate the highest common factor of 1669483 and 139460.
367
Calculate the highest common divisor of 21729 and 489.
3
What is the greatest common divisor of 313 and 24123536?
313
Calculate the greatest common factor of 5352 and 283488.
24
What is the greatest common factor of 291 and 137715?
3
Calculate the highest common factor of 2797505 and 121830.
655
What is the highest common factor of 550408864 and 4726?
4726
Calculate the greatest common factor of 49003221 and 219.
219
What is the greatest common factor of 9464 and 676169?
169
What is the highest common factor of 68 and 10431404?
68
What is the highest common divisor of 1294 and 135046369?
647
Calculate the highest common factor of 2272 and 5620960.
32
What is the highest common divisor of 1904 and 83795516?
476
What is the greatest common factor of 95440 and 368?
16
Calculate the greatest common factor of 25340312 and 14540.
2908
What is the greatest common factor of 16380 and 1199898?
126
Calculate the highest common factor of 3648 and 145536.
192
Calculate the greatest common divisor of 1715747 and 31537.
671
What is the greatest common factor of 2662289 and 4?
1
What is the highest common factor of 56318 and 26234?
2
Calculate the greatest common divisor of 84424620 and 3080.
140
What is the greatest common divisor of 20140970 and 30?
10
What is the highest common factor of 51152730 and 22788?
1266
Calculate the greatest common divisor of 280455735 and 1647.
183
What is the greatest common factor of 840 and 26568395?
35
What is the greatest common divisor of 286412 and 28196?
1484
What is the highest common divisor of 3983 and 60609311?
3983
What is the highest common divisor of 17616 and 36934146?
2202
What is the greatest common divisor of 717 and 1087104?
3
What is the highest common divisor of 20176 and 2351765?
1261
Calculate the greatest common factor of 3794 and 877926.
14
Calculate the highest common divisor of 154300 and 12575.
25
What is the greatest common factor of 14800250 and 1375?
125
What is the greatest common divisor of 2014498428 and 6?
6
Calculate the greatest common divisor of 75 and 27173820.
15
Calculate the highest common factor of 669894 and 2453790.
1866
What is the greatest common divisor of 21 and 7745892?
21
What is the highest common divisor of 139587668 and 2728?
1364
Calculate the highest common factor of 13429203 and 917.
131
What is the greatest common factor of 107360 and 119200?
160
What is the highest common factor of 145406 and 39458?
218
What is the highest common divisor of 5 and 242023810?
5
What is the greatest common factor of 448 and 113982372?
28
What is the greatest common factor of 20354539 and 2439?
271
What is the highest common factor of 961305 and 1995?
285
Calculate the highest common factor of 133875 and 79135.
595
Calculate the highest common divisor of 1379140932 and 312.
156
Calculate the highest common factor of 2396309 and 1.
1
Calculate the greatest common factor of 144 and 713984.
16
Calculate the highest common divisor of 309950670 and 20.
10
What is the greatest common divisor of 2063037784 and 4?
4
What is the greatest common factor of 1630 and 2856410?
10
Calculate the greatest common divisor of 129296 and 27856.
16
What is the highest common factor of 6770 and 92560?
10
What is the greatest common factor of 1503 and 2488133?
167
What is the greatest common divisor of 207113178 and 692?
346
What is the greatest common divisor of 229142664 and 72?
72
What is the greatest common divisor of 3842 and 296412?
34
What is the greatest common divisor of 490852 and 254?
2
Calculate the greatest common divisor of 163293 and 5247.
159
Calculate the greatest common divisor of 166621 and 7813.
13
What is the greatest common divisor of 2080 and 299273?
13
Calculate the greatest common divisor of 432 and 1667655.
27
Calculate the greatest common divisor of 219333 and 27459.
339
Calculate the greatest common factor of 146816306 and 247.
247
What is the greatest common factor of 98523 and 41394051?
1107
What is the greatest common factor of 1935299970 and 18?
18
What is the greatest common divisor of 2528946 and 2331?
63
Calculate the greatest common factor of 2659 and 801600753.
2659
Calculate the highest common factor of 220 and 9850159.
11
What is the greatest common factor of 13500 and 502500?
1500
Calculate the greatest common factor of 925 and 4981675.
25
Calculate the highest common divisor of 842627610 and 11220.
5610
What is the highest common divisor of 4628 and 431294890?
2314
Calculate the highest common factor of 63661 and 355121.
767
What is the greatest common factor of 12351 and 723876?
537
What is the highest common factor of 31148520 and 236652?
6396
Calculate the highest common factor of 952128 and 20996.
116
What is the greatest common divisor of 3267 and 2029347?
27
Calculate the greatest common factor of 8759104 and 368.
16
What is the highest common divisor of 3848984 and 16?
8
Calculate the greatest common divisor of 2888 and 530290.
38
What is the greatest common factor of 90 and 68488074?
18
Calculate the highest common factor of 49058889 and 99.
33
Calculate the highest common divisor of 9210 and 39868555.
1535
What is the greatest common divisor of 55503462 and 266?
14
What is the highest common divisor of 90 and 5765190?
30
What is the highest common factor of 12823728 and 336008?
3464
Calculate the greatest common divisor of 101185 and 1673889.
2891
Calculate the highest common divisor of 42369792 and 12830.
2566
What is the greatest common factor of 1975498 and 140?
14
Calculate the highest common divisor of 9154580 and 3420.
380
What is the greatest common factor of 113047944 and 8142?
138
Calculate the highest common divisor of 23616 and 6174.
18
Calculate the highest common factor of 33028059 and 816.
51
Calculate the highest common divisor of 24 and 335196084.
12
Calculate the highest common divisor of 144479857 and 37.
37
What is the greatest common factor of 38440 and 260?
20
What is the highest common divisor 